(105).
-339
Let g(r) = 46602*r. Calculate g(0).
0
Let b(f) = 3*f**3 + 231*f**2 - 441*f + 2612. Determine b(-79).
5
Let g(j) = j**3 - 4*j**2 - 4889*j - 368. What is g(-68)?
-844
Let s(t) = -10333*t**2 - 423643*t + 392. Calculate s(-41).
-18
Let o(v) = -2*v**3 + 198*v**2 - 1894*v - 2329. Calculate o(12).
-1
Let s(u) = 1358*u + 6804. Calculate s(-5).
14
Let a(y) = -68*y - 2113. Calculate a(-34).
199
Let i(x) = 18653*x + 186536. Calculate i(-10).
6
Let k(p) = -234*p**2 + 4*p + 20. What is k(-2)?
-924
Let m(a) = a**3 + 1345*a**2 + 8019*a - 171. Calculate m(-6).
-81
Let r(o) = -1073*o - 8239. What is r(-6)?
-1801
Let b(d) = -d**2 - 3849*d + 2694673. What is b(605)?
3
Let l(w) = 25809*w + 154855. Determine l(-6).
1
Let q(l) = -l**2 - 31425*l + 660366. Give q(21).
0
Let w(p) = 10*p**2 + 204*p + 47. What is w(-21)?
173
Let p(z) = -4*z**2 + 2417*z + 297892. Calculate p(-105).
7
Let z(j) = 1011*j - 156047. Determine z(154).
-353
Let x(p) = -5*p**2 + 1261*p - 3781. What is x(3)?
-43
Let h(p) = 2*p**2 + 231*p - 62. Determine h(6).
1396
Let k(u) = -411*u + 47065. Give k(124).
-3899
Let p(t) = -2*t**2 - 202*t - 3859. What is p(-76)?
-59
Let f(n) = -28*n**2 + 221*n + 63. What is f(9)?
-216
Let z(r) = 729*r - 68558. Determine z(94).
-32
Let p(l) = -2*l**3 + 1281*l**2 - 3243*l + 33806. What is p(638)?
-8
Let h(k) = -94297*k - 471129. Give h(-5).
356
Let k(y) = -693417*y + 1386838. Give k(2).
4
Let m(c) = -c**3 + 16*c**2 - 30*c - 6. Give m(9).
291
Let j(h) = -h**3 + 30*h**2 + 132*h - 1275. Give j(23).
5464
Let d(x) = -52*x + 1825. Calculate d(30).
265
Let v(j) = j**3 + 16*j**2 + 12*j + 35. What is v(-16)?
-157
Let g(p) = -p**3 + 321*p**2 - 974*p + 6303. Give g(318).
-57
Let g(y) = 27418*y - 164413. Give g(6).
95
Let l(d) = -d**3 + 45*d**2 + 110*d - 2939. Give l(46).
5
Let g(c) = -24182*c - 652897. Give g(-27).
17
Let j(x) = x**3 - 27*x**2 - 21*x - 2085. Calculate j(30).
-15
Let n(f) = 92*f**2 - 293*f + 30. Give n(3).
-21
Let w(z) = z**3 - 18*z**2 - 528*z + 9754. Calculate w(21).
-11
Let i(g) = 3*g**2 + 480*g - 79149. Determine i(101).
-66
Let w(j) = 8*j**2 - 451*j - 16292. What is w(-25)?
-17
Let a(k) = 519*k**2 - 9118*k - 4047. Give a(18).
-15
Let w(r) = r**3 - 654*r**2 - 4386*r + 2. Calculate w(0).
2
Let r(q) = 381*q + 109555. Give r(-284).
1351
Let s(k) = 1341*k**2 + 34*k - 64. Calculate s(1).
1311
Let z(c) = 26*c**2 - 18550*c + 92121. Calculate z(5).
21
Let f(y) = -1013*y**2 + 35443*y + 411. Give f(35).
-9
Let g(d) = -d**2 + 8011*d + 10114068. What is g(-1109)?
-12
Let s(h) = -254*h - 31222. What is s(-110)?
-3282
Let z(b) = -27*b**2 + 23*b + 84. Give z(13).
-4180
Let m(f) = -56*f**2 - 162*f + 784. Give m(3).
-206
Let q(v) = -2383*v + 359819. Give q(151).
-14
Let w(u) = 23659*u - 3193964. Determine w(135).
1
Let g(i) = 63653*i + 210. Give g(0).
210
Let w(f) = -f**2 + 364*f + 12484. Determine w(-31).
239
Let n(p) = 346*p + 44253. Determine n(-128).
-35
Let c(z) = -13*z**2 - 12*z + 28. What is c(-15)?
-2717
Let t(u) = -65259*u - 4176577. Calculate t(-64).
-1
Let h(c) = c**3 - 699*c**2 + 7565*c + 2069. Determine h(688).
5
Let l(f) = -36476*f - 291644. Give l(-8).
164
Let t(i) = 2*i**3 + 77*i**2 + 379*i + 42. Give t(-6).
108
Let t(c) = 1374*c + 101718. What is t(-74)?
42
Let p(y) = -10*y**2 - 2292*y + 1831. Give p(-230).
-9
Let r(g) = 4*g**3 - 435*g**2 - 431*g + 7. Give r(-1).
-1
Let j(f) = -2*f**3 + 552*f**2 - 10125*f - 19. What is j(20)?
2281
Let j(n) = 5022*n - 236130. What is j(47)?
-96
Let h(x) = 17539*x + 1017254. Give h(-58).
-8
Let j(c) = 16279*c + 8367409. Determine j(-514).
3
Let j(d) = d**3 - 23*d**2 + 1502*d - 32530. Give j(22).
30
Let a(z) = 41*z - 4808. Determine a(117).
-11
Let b(m) = -49298*m - 98618. Calculate b(-2).
-22
Let c(x) = -2*x**2 + 97363*x - 1654589. Give c(17).
4
Let p(b) = -316*b - 1434. What is p(-4)?
-170
Let l(o) = -o**3 + 18*o**2 + 22*o - 22. Calculate l(7).
671
Let p(d) = -3*d**3 - 77*d**2 + 1059*d - 2887. Determine p(4).
-75
Let g(j) = 13462*j + 40377. What is g(-3)?
-9
Let j(f) = 3*f**3 - 1131*f**2 - 1116*f + 15. Determine j(-1).
-3
Let w(y) = -2*y**2 - 551*y - 20743. Determine w(-231).
-184
Let c(x) = 2*x**3 - 71*x**2 + 27*x + 212. Determine c(35).
-68
Let j(l) = 2*l**3 + 25*l**2 - 707*l - 150. Determine j(16).
3130
Let k(s) = s**2 - 8658*s - 681404. Determine k(-78).
4
Let c(q) = 254*q + 36030. Determine c(-142).
-38
Let d(q) = -8449*q + 3134575. Give d(371).
-4
Let w(i) = 17926*i - 107531. Calculate w(6).
25
Let l(a) = -4*a**3 - 187*a**2 - 222*a - 3847. What is l(-46)?
17
Let f(k) = -k**3 - 14*k**2 + 134*k + 1871. Calculate f(-13).
-40
Let r(c) = -13*c**3 - 5*c**2 + 12*c - 31. Give r(3).
-391
Let n(c) = -666*c + 61935. Determine n(93).
-3
Let x(q) = 3*q**3 + 81*q**2 - 262*q + 181. Determine x(2).
5
Let l(v) = v**3 + 129*v**2 + 67*v - 54112. Give l(-125).
13
Let z(w) = 4659*w - 41566. Calculate z(9).
365
Let p(c) = 5549*c - 44428. Calculate p(8).
-36
Let n(k) = 2*k**2 + 290*k - 14307. Determine n(39).
45
Let v(m) = 3*m**2 + 737*m - 23907. Calculate v(29).
-11
Let z(k) = 2*k**2 - 117*k - 15117. What is z(121)?
8
Let l(h) = -1872*h + 15050. Calculate l(8).
74
Let m(c) = c**3 - 26*c**2 - 1196*c + 92. Determine m(-24).
-4
Let t(j) = -j**3 + 26*j**2 - 34*j - 307. Give t(27).
-1954
Let a(g) = 4*g**3 - 295*g**2 - g - 5359. Calculate a(74).
43
Let b(s) = s**3 - 34*s**2 + 21*s - 584. Determine b(35).
1376
Let c(x) = -x**3 - 81*x**2 + 11697*x + 138. Give c(75).
-87
Let t(r) = r**3 - 122*r**2 - 405*r - 29291. What is t(127)?
-81
Let b(c) = -2500*c + 12271. Determine b(5).
-229
Let c(w) = -67*w**3 - 675*w**2 - 85*w - 374. Calculate c(-10).
-24
Let z(y) = 32*y**3 + 246*y**2 + 299*y + 50. Calculate z(-1).
-35
Let i(o) = -o**3 - 18806*o**2 + 112888*o - 106. Give i(6).
-10
Let c(k) = 153*k + 1425. Determine c(-13).
-564
Let t(c) = -1266*c**2 - 40*c - 46. Determine t(-1).
-1272
Let c(g) = 168*g - 3735. Give c(24).
297
Let x(g) = g**2 + 37*g + 289. Calculate x(-11).
3
Let t(i) = 2*i**3 + 154*i**2 - 1331*i + 30. Give t(8).
262
Let s(f) = 49*f - 826. Calculate s(19).
105
Let m(l) = -5*l**2 - 743*l + 99916. Determine m(-234).
-2
Let j(u) = 3*u**2 - 45447*u - 318226. Determine j(-7).
50
Let x(m) = -m**2 - 62*m - 3508. Calculate x(-47).
-2803
Let z(a) = a**3 - 82*a**2 + 57*a - 5779. Calculate z(82).
-1105
Let h(j) = -5*j**2 + 1111*j + 17754. Calculate h(-16).
-1302
Let z(l) = -2*l**3 - 124*l**2 - 90*l + 2276. Give z(-61).
324
Let f(a) = -8*a**2 + 6774*a - 196025. Determine f(30).
-5
Let g(d) = 691*d + 16965. Determine g(-30).
-3765
Let o(w) = 23225*w - 673466. Give o(29).
59
Let k(h) = -h**3 - 34*h**2 + 3579*h - 1022. Give k(45).
58
Let t(m) = 12361*m + 197850. What is t(-16)?
74
Let c(m) = m**3 - 20*m**2 + 83*m - 272. Determine c(9).
-416
Let u(o) = 37*o**3 - 125*o**2 + 120*o + 7. What is u(1)?
39
Let q(l) = 2*l**2 + 64590*l + 322908. Determine q(-5).
8
Let n(b) = -9676*b - 2486734. What is n(-257)?
-2
Let t(q) = -846*q**2 - 27071*q + 30. Calculate t(-32).
-2
Let q(l) = 60805*l + 729593. Calculate q(-12).
-67
Let p(f) = 179510*f + 7359917. Give p(-41).
7
Let t(o) = -2*o**2 + 130*o + 12843. Determine t(-54).
-9
Let n(y) = -6*y**3 - 9*y**2 + 8110*y + 16205. Determine n(-2).
-3
Let v(h) = 12*h**2 + 677*h - 1621. Give v(-57).
-1222
Let r(b) = 2*b**2 - 482*b + 7265. Determine r(226).
485
Let u(p) = 209*p + 5607. Give u(-29).
-454
Let d(i) = 3214*i + 41543. Determine d(-13).
-239
Let w(o) = -32*o**3 - 1182*o**2 + 72*o - 31. What is w(-37)?
43
Let t(d) = 127918*d - 1279195. Give t(10).
-15
Let w(k) = -k**2 + 88068*k + 2466687. Calculate w(-28).
-1
Let s(b) = -21*b**2 - 1281*b - 2556. What is s(-2)?
-78
Let z(l) = -3*l**2 - 353*l - 6386. What is z(-95)?
74
Let n(r) = -28*r**3 - 9381*r**2 - 332*r + 1251. Determine n(-335).
246
Let c(n) = -10*n**2 - 3277*n - 2277. What is c(-327)?
12
Let t(m) = -62760*m - 125532. Give t(-2).
-12
Let c(t) = 41*t**3 - 14*t**2 + 51*t - 56. Determine c(2).
318
Let u(k) = -4*k**3 - 1578*k**2 - 5474*k + 432. Give u(-391).
432
Let z(j) = -4813*j - 543875. Determine z(-113).
-6
Let n(l) = -8200*l + 16366. Determine n(2).
-34
Let g(o) = -o**3 - 550*o**2 - 67165*o - 726. Give g(-183).
6
Let m(f) = f**2 - 25*f - 15703. Determine m(-114).
143
Let o(y) = 26*y**2 + 2632*y + 10675. Give o(-97).
5
Let i(q) = 23857*q + 95439. Calculat